e prime factors of k.
2, 3
Let s(l) = 6*l - 7. Suppose -2 = -5*x - 32. Let i be x*2/(24/(-10)). List the prime factors of s(i).
23
Let b(x) = 168*x**2 - 7*x - 21. List the prime factors of b(-3).
2, 3, 7
Suppose 5*i + 282 = 7*i. Let a = i - 55. List the prime factors of a.
2, 43
Suppose 0 = 40*v - 45*v + k + 720, -2*k + 276 = 2*v. What are the prime factors of v?
11, 13
Let w = -10 - -16. Let y = w - 4. What are the prime factors of (y/(-4))/(1/(-62))?
31
Suppose -5 = -g - 5*m + 12, -g = -m + 1. Suppose 0 = 2*r + 5*q - 385, 6*q + 186 = r + g*q. What are the prime factors of r?
2, 5, 19
Let z = 1221 - 536. What are the prime factors of z?
5, 137
Suppose -11 + 436 = 5*m. Suppose -g - f + m = 0, 411 = 2*g + 3*g - 2*f. What are the prime factors of g?
83
Let a(u) = u**3 + 9*u**2 + 5*u + 17. Suppose 0 = -5*n + 23 - 63. List the prime factors of a(n).
41
Suppose -4*h + 3114 = 5*j, -2*h - j + 578 + 982 = 0. List the prime factors of h.
11, 71
Let k(n) = 53*n**2 + 13*n + 40. List the prime factors of k(-3).
2, 239
Let b be -4 - (-1)/((-2)/(-8)). Suppose 3*f = 4*f + 2*z - 65, -5*f - z + 298 = b. What are the prime factors of f?
59
Suppose 318*y = 326*y - 14752. List the prime factors of y.
2, 461
Suppose 0 = -2*s + o + 1383, 4*s + 4*o - 505 - 2243 = 0. List the prime factors of s.
2, 3, 5, 23
Suppose 6*v - v = 2*z - 2334, 0 = -4*z - 3*v + 4642. What are the prime factors of z?
2, 7, 83
Suppose -9365 = -12*h + 367. What are the prime factors of h?
811
Suppose 12*i = 18*i - 3690. List the prime factors of i.
3, 5, 41
Let a = 729 + -290. What are the prime factors of a?
439
Let m = -6 - -6. Let t be (-2)/(-1) + m + 70. Suppose -6*f + t = -2*f. List the prime factors of f.
2, 3
Let k = -48 - -62. Suppose k*g - 1144 = g. What are the prime factors of g?
2, 11
Let u = -34 - -48. Let b(h) = 29 + 6*h - u - 22. What are the prime factors of b(3)?
11
Suppose 36 = -6*w + 6. List the prime factors of (0 - -1) + (w - -80) + -5.
71
Suppose 37*h - 5852 = -h. List the prime factors of h.
2, 7, 11
Suppose -2*i + 69 = -3*r, -5*i + 48 = -2*r - 152. Let l = i + 49. List the prime factors of l.
7, 13
Suppose -86*a + 81*a - 242 = -q, -479 = -2*q + 5*a. List the prime factors of q.
3, 79
Let g be -4*(-4)/32*-2. Let x(k) = -6*k**3 - k**2. Let j be x(g). Suppose 70 = 2*u + j*n, 3*u - 2*n - 114 = -5*n. What are the prime factors of u?
2, 5
Suppose 15 = 4*w - 5. Let i = w - -3. List the prime factors of i.
2
Let x = 33 + -27. Let u = x - 3. Suppose d - 32 = -5*h, 140 = 5*d - u*h - 132. What are the prime factors of d?
2, 13
What are the prime factors of -3*(-10)/6 + 914?
919
Let v(l) = -2*l**3 - 18*l**2 + 43*l + 55. What are the prime factors of v(-16)?
13, 227
Let n be (2 - 2)/(-1) + 5. Suppose 0*v - 2*v = -2*q + 16, -n*v - 12 = 2*q. Suppose -q*l + m = 3 - 88, 25 = l - m. List the prime factors of l.
2, 5
Suppose 0 = -3*d + 5*r + 29, 0 = -4*d - 5*r + 22 + 5. Let c(b) = b**2 + 6*b - 5. Let u be c(-7). Suppose d = u*t - 78. List the prime factors of t.
43
Let o(j) = j**3 - 6*j**2 + j + 2. Let f be o(6). Let x(z) = 12*z - 20. Let a be x(f). Suppose 0 = i - 3*i + a. What are the prime factors of i?
2, 19
Let m be ((-15)/(-6))/((-1)/(-2)). What are the prime factors of (1 + 84)/(m - 4)?
5, 17
Let p be (-16)/(-2)*(-2)/(-4). Suppose l - 5*l + 112 = 4*q, 0 = -2*q - p*l + 54. List the prime factors of q.
29
Suppose 0 = 3*s - 197 - 2035. What are the prime factors of (3/(-12))/((-6)/s)?
31
Let p = -633 - -1240. What are the prime factors of p?
607
Suppose 0 = -5*d + 3 + 7. Let s = d + 1. Suppose -5*l + 3*l + 3*a + 32 = 0, 3*l + s*a - 33 = 0. What are the prime factors of l?
13
Let f = 70 + -19. Suppose 1342 = -2*k + 1584. Let q = k - f. List the prime factors of q.
2, 5, 7
Suppose 5*f - 5 = 25. Suppose f = 5*q + 3*m - 10, -4*q + 2*m + 26 = 0. Suppose q + 175 = 6*g. What are the prime factors of g?
2, 3, 5
Let m(c) = -c**3 + 22*c**2 - 20*c - 5. Let d be m(21). Let h be -4*9*12/(-18). Let v = h - d. What are the prime factors of v?
2
Suppose -2*a + 1175 = 28*q - 27*q, 0 = 5*a. List the prime factors of q.
5, 47
Let n(z) = z**3 - 8*z**2 + 7*z. Let b be n(7). Suppose 4*x - 331 + 67 = b. What are the prime factors of x?
2, 3, 11
Suppose -13*n + 12685 + 1615 = 0. What are the prime factors of n?
2, 5, 11
Let h(x) be the first derivative of -4 - 1/2*x**4 - x + 0*x**2 - 4/3*x**3. List the prime factors of h(-3).
17
Let q(k) = 2*k**2 - 11*k - 14. Let l(y) = -y**3 - y**2 + 8*y - 7. Let h be l(-4). What are the prime factors of q(h)?
7
Let i = 1178 - 641. What are the prime factors of i?
3, 179
Suppose 14*o - 7921 - 8403 = 0. List the prime factors of o.
2, 11, 53
Let k be (-81)/(-6) - 12/(-8). Suppose -4*p = -5*p + k. What are the prime factors of ((-63)/p)/((-2)/10)?
3, 7
Let l(c) = -6*c + 28. Suppose -3*u = -6*u - 30. What are the prime factors of l(u)?
2, 11
Suppose -4*p + 48 = 5*m - 2*p, -41 = -4*m + p. Suppose -2*d - 3*d + m = 0. Suppose d*a = -4 + 22. List the prime factors of a.
3
Suppose -4*x = 4*x - 40. Suppose -4*c = -20, -3*c + 62 - 277 = -x*l. List the prime factors of l.
2, 23
Let u(a) = -a**3 + 9*a**2 - 7*a - 4. Let x be 65/8 + 2/(-16). Let r be u(x). Suppose -3*t - 146 = -3*c - r*t, -8 = -4*t. List the prime factors of c.
2, 3
Let a = 105 - 3. Suppose 8*k = a + 522. List the prime factors of k.
2, 3, 13
Suppose 3*q - 7*q = -2*p - 196, q - 3*p = 39. List the prime factors of q.
3, 17
Let v(c) = c**2 - 26*c + 252. List the prime factors of v(18).
2, 3
Suppose -3*s + 731 = -4*b, s + 1261 = 6*s + 4*b. List the prime factors of s.
3, 83
Suppose -3*z + 2*z = 5*h - 29, -2*z = -3*h + 7. Let v(n) = -9 + 9*n + 1 - 6*n + h*n. List the prime factors of v(9).
2
Let q = -159 - -96. Let z = 91 + q. List the prime factors of z.
2, 7
Let z(l) = -l**2 + 2*l + 1. Let k be z(2). List the prime factors of 32*((-6)/(-4) - k).
2
Suppose 5*l = 936 + 884. List the prime factors of l.
2, 7, 13
Let y = 3 + 2. Suppose y*i - 394 = -0*p - 2*p, 398 = 5*i + 4*p. Let f = i + -45. What are the prime factors of f?
3, 11
List the prime factors of 1393 - (7 + (-4 - 3)).
7, 199
Let c(q) = -q**3 + 4*q**2 + 4. Let t be (0 + -4)*(6 - 5). Let n = t - -8. What are the prime factors of c(n)?
2
Let k = 96 - 63. List the prime factors of (-533)/(-4) + (k/12 - 3).
7, 19
Let l = -5 - -181. Suppose 0 = w + 4*g - l, 5*w - 976 = -0*g + 4*g. Suppose -w = -4*f + 2*v, -2*f - 5*v + 120 = -0*v. What are the prime factors of f?
2, 5
Suppose 0*k = -3*i + 5*k + 557, 5*k = -2*i + 413. Let f = 405 - i. List the prime factors of f.
211
Let x(j) = j**3 - 12*j**2 + 32*j - 1. What are the prime factors of x(12)?
383
Let h be ((-24)/15)/((-2)/10). Suppose 26*z = 10*z + 192. List the prime factors of 82/h - (-9)/z.
11
Let n(h) be the second derivative of -h**5/10 - 5*h**4/6 + h**3/6 - h**2/2 - 7*h. Let j be n(-5). What are the prime factors of j/(((-9)/(-4))/(-3))?
2
Suppose -1 = 4*v - 17. Suppose 3*x + v*m = 73 + 122, 2*m + 238 = 4*x. List the prime factors of x.
61
Let z(d) = -108*d + 232. List the prime factors of z(-9).
2, 7, 43
Suppose -7*b = -2*b - 40. Let a be 4 + -5*b/(-20). Suppose -a*c + 64 = -4*c. List the prime factors of c.
2
What are the prime factors of (-228)/627 - 3667/(-11)?
3, 37
Let v be -1 + 1 - (0 + -181). Suppose 0 = 5*l - v + 16. What are the prime factors of l?
3, 11
Let n(q) = 30*q**2 + 5*q + 5. Let u be n(-2). Let l be (u/2)/((-2)/(-4)). Suppose -l = -6*a + a. What are the prime factors of a?
23
Suppose -m - 5*w - 194 = -5*m, 47 = m - 2*w. Suppose -5*q = -m + 11. Suppose 2*g + 4*f = 52, g - f - q = 9. List the prime factors of g.
2, 5
Let n(x) = 275*x**3 + 12*x**2 - 9*x - 4. List the prime factors of n(2).
2, 3, 7, 53
Let w be (-2)/(-6) + (-2219)/(-21). Suppose 206 = 6*h - w. List the prime factors of h.
2, 13
Let y(a) be the second derivative of 3/2*a**3 + 0 + 3/4*a**4 + 1/20*a**5 - 9/2*a**2 + 6*a. What are the prime factors of y(-7)?
2, 13
Let n(t) = -4*t**3 + 12*t**2 + 86*t + 28. List the prime factors of n(-8).
2, 7, 11
Let b(i) = i**2 - 13*i + 6. Let w be b(14). Let u be 3*(w/6 + 1). Let t = u - -8. What are the prime factors of t?
3, 7
Suppose t = -m + 1 - 0, m - 21 = 3*t. Suppose x = m*x + 290. Let s = x + 104. What are the prime factors of s?
2, 23
Let y be (4/(-5))/(2/(-10)). Suppose -31 = -9*w + y*w - f, 4*